*b - 339 = -3*q, -241 = -2*q + 7*b - 2*b. What is the hundreds digit of q?
1
Let g(t) = -t + 9. Let q = 2 - 2. Suppose -4*z - 4 = q, 5*u + z = 6*z + 5. What is the units digit of g(u)?
9
Let l = -110 - -313. What is the hundreds digit of l?
2
Let o(n) = 38*n + 2. Let u be o(2). What is the tens digit of (-2)/4 - u/(-4)?
1
Let j be (-2 + 1)/((-1)/14). Suppose -q = -0*q - j. What is the units digit of q?
4
Let k(d) = 6*d + 1. Let m(l) = -11*l - 2. Let u(f) = 5*k(f) + 3*m(f). What is the units digit of u(-3)?
8
Suppose -3*y - d + 10 = -0*d, 0 = d - 4. Suppose -o - 1 = -y. What is the units digit of o?
1
Let j be (-62)/(-22) + (-2)/(-11). Let r = 10 - 3. Let o = r - j. What is the units digit of o?
4
Suppose -4*l + 3*y = -12, -l + 36 = 4*y + 14. What is the units digit of l?
6
Let m(l) = 7*l**2 - 7*l - 12. What is the hundreds digit of m(6)?
1
Let w(k) = k**2 - k + 1. Let o(a) = a**3 - 6*a**2 + 2*a - 7. Let p(x) = o(x) + 3*w(x). What is the units digit of p(4)?
8
What is the hundreds digit of -18*(-5 + 42/(-12))?
1
Let p = 55 + -31. What is the units digit of p?
4
Let m(j) = -2*j - 3. Let l be m(-4). Suppose 6*i - 24 = l*i. What is the tens digit of i?
2
Let r(t) be the third derivative of 0*t + 1/12*t**4 - 3*t**2 + 1/6*t**3 + 0. What is the units digit of r(1)?
3
Suppose 20 + 55 = 5*u. Let f = 7 - u. Let d = -4 - f. What is the units digit of d?
4
Let c(p) = p**2. Let a be c(-2). Suppose 6*m - 48 = a*m. Suppose -2*l = 2*l - m. What is the units digit of l?
6
Let o be ((-8)/14)/((-6)/21). Suppose -2*i - 23 = -w, 4 = o*i - 0*i. What is the units digit of w?
7
Let s be ((-333)/(-6))/((-1)/(-2)). Suppose -s = -y - 2*y. What is the tens digit of y?
3
Let r(p) = p + 1. Let t be r(-2). Let g be 1 + -1 - (-1 + t). Suppose -3*z - 5*j = -6 - 23, z - 11 = -g*j. What is the units digit of z?
3
Let b = -7 - -10. What is the units digit of b?
3
Let d(u) = u**3 + 7*u**2 - 14*u + 11. What is the units digit of d(-8)?
9
Let p(r) = r**3 + 11*r**2 - r - 4. Let m be p(-11). Let i(y) = 2*y + 3. Let c be i(6). Let h = c - m. What is the units digit of h?
8
Let s = 75 + -39. What is the tens digit of s?
3
Suppose -2*v + 3 = -v. Let j(g) = g + 5*g**2 - 3*g**2 - g**2. What is the units digit of j(v)?
2
Let p be (-9)/15 + (-23)/(-5). Suppose p*t - 171 + 63 = 0. What is the tens digit of t?
2
Let d be 3/(-3) - 1 - -1. Let f = d + 3. What is the units digit of f?
2
Let p be (6 + -4 - 5) + -1. What is the units digit of 38 + 3 + -1 + p?
6
Let n(a) = -a**2 + 7*a - 6. Let j be n(5). Suppose 3*s = j*s - x - 29, 2*s - 4*x = 68. What is the tens digit of s?
2
Let g(o) be the second derivative of o**5/20 - 7*o**4/12 + 7*o**3/6 + 2*o**2 + 3*o. What is the units digit of g(6)?
0
Suppose -212 = -4*x - 52. What is the tens digit of x?
4
Let f(g) = -g + 1. Suppose 4*l - 3*l - 5*i = 4, 2*l = -2*i + 8. Let m be f(l). What is the units digit of 14 - 1/m*-3?
3
Let z = -3 + 5. Suppose b = z*b - 22. What is the units digit of b?
2
Suppose 2*w + 5*m + 49 = 5*w, 0 = -4*w + 2*m + 84. What is the units digit of w?
3
Suppose 8*n - 17 = 47. What is the units digit of n?
8
Let g(u) = -3*u + 5. Let h(r) = r**3 + 10*r**2 + r + 0*r + 6 + 0*r**3. Let f be h(-10). What is the units digit of g(f)?
7
Let d be 0/(-3) + 6/1. Let t = -4 + d. What is the units digit of t?
2
Suppose -4*n = -5 - 7. Suppose a - 5*f + 18 = 0, n*f - 12 = 2*a - 4. What is the units digit of a?
2
Let o(v) = 78*v - 6. What is the tens digit of o(2)?
5
Suppose 1 + 4 = 5*h, 0 = -3*c - 3*h + 78. Suppose 0*j = 5*j - 3*r + 73, -3*j - 4*r = 38. Let g = c + j. What is the tens digit of g?
1
Let g(i) = i**3 - 13*i**2 + i - 9. Let k be 2/3 - 74/(-6). What is the units digit of g(k)?
4
Suppose -18*l + 1100 = -13*l. What is the hundreds digit of l?
2
Let t(p) = 6*p - 6. Let x be t(2). Suppose z + 50 = x*z. What is the units digit of z?
0
Let c(d) = 3*d**2 - d + 1. Let m be c(1). Suppose 4*x - 5*h - 120 = 47, 3*h - 159 = -m*x. What is the tens digit of x?
4
Let m be ((-3)/2)/(18/(-12)). Suppose -4*u - m = -5*x - 0, 0 = -4*u - x + 5. What is the units digit of u?
1
Suppose 5*c = 1097 - 92. What is the tens digit of c?
0
Let r(f) = -f**2 + 4*f. Let y be r(6). Let d = -7 - y. What is the units digit of d?
5
Suppose 3*r + 2 - 32 = 0. Suppose 6 = 4*l - 2. Let y = l + r. What is the tens digit of y?
1
Let p(i) be the second derivative of -i**3/6 + 5*i**2 - 2*i. Let x be p(6). Suppose x*r = 7 + 21. What is the units digit of r?
7
Suppose 2*l - 682 = -3*u, -3*l + 4*u + 825 = -181. What is the hundreds digit of l?
3
Suppose -4*y + 5 = 3*r - 0*y, 0 = 3*r - y + 20. Let t = r + 4. What is the tens digit of 8 + 2*(t - -2)?
1
Let r(b) = b**2 + 12*b + 8. Let n be r(-10). Let x = n - -19. What is the units digit of x?
7
Suppose -2*b - 2*f = -6*f + 16, 0 = 3*b + 4*f - 16. Let i be (1/2)/((-1)/(-4)). Let l = b + i. What is the units digit of l?
2
Let u = 24 + 32. Suppose -4*n = i - 20, n - u = -4*i + 9. Suppose 0 = 4*j - 16 - i. What is the units digit of j?
8
Suppose -5*i + 18 = -0*t - 3*t, -i = -4*t - 24. Let m = -3 - t. What is the units digit of m?
3
Suppose -b + 0*b = -41. What is the tens digit of b?
4
Let i be (-3)/(-12) + 19/4. Suppose -14 = -v - i*f, -5*v = -v + 5*f + 4. Let l(w) = -w**2 - 6*w + 7. What is the units digit of l(v)?
7
Let g = -8 - 2. Let y = g - -14. What is the units digit of y?
4
What is the units digit of 4369/51 - (-1 - (-4)/6)?
6
Let n = 7 - 11. Let a be 4*(10/n - -1). What is the units digit of -1 + (-1 + 3 - a)?
7
Let v be 2/(-9) - 33/(-27). What is the units digit of (-4)/(-12)*(v + 2)?
1
Suppose -5*q + 74 = -4*h, -h - 6 = -q + 2*h. Let k = q + 30. What is the tens digit of k?
4
Let b = -84 + 158. What is the tens digit of b?
7
Let v be 154/10 - 6/15. Suppose 3*u + 12 = 0, -5*n - 2*u - 22 = 16. Let a = n + v. What is the units digit of a?
9
Suppose -4*f = -7 + 3. What is the units digit of (3*(-3 + f))/(-1)?
6
Suppose -2*m = 146 - 578. What is the units digit of m?
6
Let a(d) be the second derivative of d**3/2 - 9*d**2/2 - 4*d. What is the units digit of a(15)?
6
Suppose -16 = 3*r - 4. Let l be (-150)/(10/r - -1). Suppose -5*b + x = -95, x + x + l = 5*b. What is the units digit of b?
8
Let a(k) = k**2 + 5*k - 4*k + 0*k + 4. Let q be a(-3). Let r(j) = -j**3 + 10*j**2 + j - 3. What is the units digit of r(q)?
7
Suppose 0 = -4*g - d + 71, -d + 52 = 3*g + d. What is the tens digit of g?
1
Let u be (-3)/((-213)/105 + 2). Suppose 5*n = -0*n + u. What is the units digit of n?
1
Let b be 1/((-6)/27)*-2. What is the tens digit of (b/6)/(3/32)?
1
Suppose 3*q - g - 30 = 4*g, q + g - 2 = 0. Suppose 140 = 4*c + 2*v, -170 = -q*c - 4*v - v. What is the units digit of c?
6
Suppose -4*g - g = -5. Let n = 10 + g. Let f = n - -2. What is the tens digit of f?
1
Suppose -3*n + 5*l + 108 = -2*n, -342 = -4*n + 2*l. What is the units digit of n?
3
What is the units digit of (-1 + 3)*-2 - -18?
4
Suppose 0 = -l + 1 + 5. Suppose 2*v - 6 = l*f - f, -v + 3 = -f. Suppose -4*q + 5*y = -9, -4*q - y - v = -5*q. What is the units digit of q?
6
Suppose 0 = 5*h - 22 + 2. Let r = 103 + -55. Suppose j = h*j - r. What is the tens digit of j?
1
Suppose -2*z = -5*g - 5*z + 817, 3*z = g - 167. What is the tens digit of g?
6
Let p be 0/((-6)/(-3*1)). Suppose p = -i - i + 2. What is the units digit of i?
1
What is the tens digit of -3*(0 - (-344)/(-6)) - -1?
7
Let n(i) = 6*i**2 + i - 1. Let t(q) = -q**3 + 3*q**2 - 3*q + 3. Let s be 2 - 0*3/(-6). Let r be t(s). What is the units digit of n(r)?
6
Let j = -15 - -8. Let y(c) = c**2 + 5*c + 9. What is the units digit of y(j)?
3
Let y = -302 + 665. What is the tens digit of y?
6
Suppose 0 = p + 2*k - 99, -4*p + 101 = 5*k - 310. What is the tens digit of p?
0
Let v = 5 - 1. What is the units digit of ((-2 - 0) + v)*4?
8
What is the tens digit of (7 + 104/(-16))/((-1)/(-386))?
9
Let o = -4 - -21. Let u = 10 + o. Let s = u + -18. What is the units digit of s?
9
What is the hundreds digit of (((-6)/4)/(6/(-564)))/1?
1
Let n be 36/2*3/9. Suppose 92 = 3*f - 88. Suppose -a = -n*a + f. What is the tens digit of a?
1
Let f(o) = -o**3 + 5*o**2 + 8*o - 7. Let j be f(6). Let u = 1 + j. Suppose -u*k + k = -20. What is the units digit of k?
4
Suppose -3*k - 4*f + 21 = -f, -f - 23 = -4*k. Suppose 0 = -4*r + 6*r + k. What is the units digit 